 - f = 0. What are the prime factors of j?
13
Let z = 23 + -6. Suppose 0 = 2*t + 10, 2*p - z = 4*p + 5*t. What are the prime factors of p?
2
Suppose -2*u = -4*u. Suppose -2*h - 5*n + 55 = u, -175 = -4*h - 0*n + 3*n. What are the prime factors of h?
2, 5
Let a(j) = 2*j + 39. Let b be a(0). Suppose 85 = 4*g - b. What are the prime factors of g?
31
Suppose 0 = -2*h - l + 68, 7 = 2*h + 2*l - 59. What are the prime factors of h?
5, 7
Suppose -15 = 4*l - 143. What are the prime factors of l/(-20)*-2*5?
2
Let z be (-1)/2 - 138/4. Let y = z + 69. What are the prime factors of y?
2, 17
Let j be 1/(-5) - (-905)/25. Let k be (-2)/((-2)/13*1). Suppose -5*u + k = 3*z, 3*u - 5*u = 4*z - j. List the prime factors of z.
11
Let i be 49/((-2)/(-1 - 1)). Let w = -35 + i. List the prime factors of w.
2, 7
Suppose 4*f - 2 = 2*f, -5*m = 4*f - 249. Suppose -4*b = -55 - m. List the prime factors of b.
2, 13
Let g = -10 - -15. Let s = -1 - -1. Suppose -7 = -z - g*v, s = 3*z + 4*v - 0*v - 32. List the prime factors of z.
2, 3
Let r be (30/(-4))/((-5)/10). Let a = -12 - -23. Let g = r - a. What are the prime factors of g?
2
Suppose -5 = 4*r - 29. Let q be (-2 - 10/(-4))*r. Suppose -l + q*l - 20 = 0. What are the prime factors of l?
2, 5
Let b be (18/(-30))/((-2)/30). Let n be 0 - 1/1*-3. Suppose -n*w + 30 + b = 0. List the prime factors of w.
13
Let q be (-4)/3*(-9)/(-6). Let g = 1 - q. List the prime factors of g.
3
Let g be 13 - (-3)/((-3)/1). What are the prime factors of g + (-1 + 4)*-1?
3
Let c(i) = 1. Let p(w) = w - 1. Let q(k) = k. Let j(b) = -p(b) + 2*q(b). Let g(u) = 6*c(u) - j(u). List the prime factors of g(-5).
2, 5
Suppose -n + 217 = 5*j, 5*j + 89 = 5*n + 294. List the prime factors of j.
43
Let s(r) = -r - 2. Let u be s(-5). Suppose 68 = u*h + h. What are the prime factors of h?
17
Suppose -5*i - 12 = -4*s, -4*s + 3*i = -5*s + 3. Suppose 7*w - 26 = 4*w - 5*f, s*w = 3*f + 66. List the prime factors of w.
17
Let p(m) = 5*m**2 + 7*m + 13. Let z(f) = f**2. Let x(s) = -p(s) + 6*z(s). What are the prime factors of x(9)?
5
Let s = 13 + -8. Let m = s + -2. Let w = 13 - m. List the prime factors of w.
2, 5
Let a(j) = 4*j**2 - j - 1. Let t be a(-1). Suppose 2*w + 11 = 4*b - 7, -2*b = -t*w. List the prime factors of b.
2, 3
Suppose -4*y = -2*v, 0*y = y + 2*v. Suppose -2*p = -4*d - p + 45, y = 2*d - 2*p - 24. What are the prime factors of d?
11
Let s = 20 + 2. Let a = 38 - s. List the prime factors of a.
2
Suppose 2*o - 602 = -4*k, -5*o = -5*k + 283 - 1848. List the prime factors of o.
3, 103
Suppose d - 1 = -0. List the prime factors of (-4)/(d - 3)*7.
2, 7
What are the prime factors of (70/4)/((-1)/(-2))?
5, 7
Let u(c) = c**3 + 7*c**2 - 7*c + 10. Let h(p) = p + 4. Let f be h(-5). Let l be f*(-4)/(-3)*6. List the prime factors of u(l).
2
Suppose 0 = a + 4*i - 20, -i + 71 = -2*a + 5*a. List the prime factors of a.
2, 3
List the prime factors of (-186)/4*(-20)/30.
31
Suppose 0*g + 155 = 5*g. List the prime factors of g.
31
Let j = 6 - 2. Suppose -1 = -j*l + 7. Suppose 4*x = l*w + 20, 0 = 3*x - x + 4*w + 10. List the prime factors of x.
3
Suppose -9*t + 3964 - 976 = 0. List the prime factors of t.
2, 83
List the prime factors of ((-13)/2)/((-2)/4).
13
Suppose -9 = -y - 3*s, -2*y + 10 = 3*s - 2. Suppose r = -y*r + 8. Suppose -3*d = 2*h - 0*h + 1, -r*d = -5*h + 45. List the prime factors of h.
7
Let x be 0/(0 - 4) + 0. Suppose x = -5*q + 4 + 96. List the prime factors of q.
2, 5
Suppose 2*h + 66 = 2*c + 5*h, -68 = -2*c - 4*h. What are the prime factors of c?
2, 3, 5
Suppose -u + 4*v + 4 = 0, 3*v - 7*v = 12. Let r(n) = -3*n + 6. List the prime factors of r(u).
2, 3, 5
Let x be (-2 - -7) + (-2 - 1). Let y be (2/x)/((-1)/(-45)). Suppose 5*g - i = 33, -3*g - 5*i + y = 2*g. List the prime factors of g.
7
Let r(w) = 2*w + 3*w - 3 - w**2 + 2*w + 5. List the prime factors of r(6).
2
Suppose g = -g + 4. List the prime factors of (-69)/9*(-5 + g).
23
Suppose 2*f - f - 5*r = -31, 5*f - 2*r = -63. Suppose -2*m = -10, 0 = -2*t + 3*m - 5*m + 42. Let v = t + f. List the prime factors of v.
5
Suppose 5*k + 2*l - 288 = -0*l, -3*k + l = -175. List the prime factors of k.
2, 29
Let f = 7 - 4. Let x be 650/15 - 1/f. Suppose k = 4*a - 0*a - x, -a + 5*k = -25. List the prime factors of a.
2, 5
Let p(i) = -i**2 - 4*i + 7. Let g be p(-5). Suppose -5*m = -g*m - 5*v - 15, 0 = 2*v. Suppose -m*t = -8 - 32. List the prime factors of t.
2
Let j = 72 - 102. Suppose 0 = -4*h + 4*s + 192, 5*s + 132 = 4*h - 64. Let d = h + j. What are the prime factors of d?
2, 7
Suppose 4*v - 3*r - 305 = 0, 0 = 8*r - 3*r + 15. List the prime factors of v.
2, 37
Suppose 2*x - b - 7 - 24 = 0, 4*x = 3*b + 63. Let l = 25 - x. What are the prime factors of l?
2, 5
What are the prime factors of 33 + (4 - 7 - -7)?
37
Let t(a) = a**2 + a - 8*a - 5 - 1. Let b be t(5). What are the prime factors of ((-12)/b)/(1/16)?
2, 3
Suppose 4*a = 4*w + 152, a - 39 - 14 = -2*w. Let y = 16 + a. Let p = 82 - y. List the prime factors of p.
23
Let d(l) = -4*l**3 - 2*l**2 + 2. Suppose -3*g + 2 = g + 5*k, -g + k - 4 = 0. List the prime factors of d(g).
2, 13
Suppose -3*f + 6 = 5*h, -4*h - 5*f + 11 = 1. Let i(v) = v - 2 - 8*v - 3*v - v**2 + h*v**2. What are the prime factors of i(-7)?
19
Suppose -3*j + 7*w + 54 = 2*w, 4*j + 3*w = 72. List the prime factors of j.
2, 3
Suppose 34 = b - 4*o + 2*o, 3*b = -o + 67. What are the prime factors of b?
2, 3
Let o(z) = -43*z**3. Let k be o(-1). Suppose -4*a + 3*a = -k. List the prime factors of a.
43
Let m be ((-40)/15)/((-4)/6). Suppose 3 = -m*q + 27. What are the prime factors of q?
2, 3
Let a = 4 + -8. Let y be ((-34)/a)/((-6)/(-12)). Let x = y + -5. List the prime factors of x.
2, 3
Let p = 166 - 86. What are the prime factors of ((-3)/(-12))/(4/p)?
5
Let v = 19 - -53. What are the prime factors of v?
2, 3
Suppose u - w - 191 = -2*w, 4*u - 5*w = 728. List the prime factors of (-4)/(-16) + u/4.
47
List the prime factors of 1/3 - (-6050)/30.
2, 101
Suppose 3*w + u - 21 = 4, -1 = -u. Suppose -i + 2*q = -4, 0 = -5*i - 0*q + 3*q - w. Let j = i + 10. What are the prime factors of j?
2, 3
Suppose 2*z - 7*z = -155. What are the prime factors of z?
31
Suppose -5*b + 8*b - 57 = 0. Suppose f + 0*f = 2*z - 4, 0 = -3*z + 6. Suppose -o - 2*i = 3*i - 23, 2*o + i - b = f. What are the prime factors of o?
2
Let k(a) = -a**2 - 5*a - 2. Let l be k(-4). List the prime factors of 8/l*(-4 + 5).
2
Let x(v) = -v + 22. List the prime factors of x(-13).
5, 7
Suppose 0*u - 5*u = -45. What are the prime factors of u?
3
Let q(j) = -j**2 - 4*j - 1. Let h be q(-4). Let b(g) = -26*g**3 - 2*g**2 - g. What are the prime factors of b(h)?
5
Let h = -2 - -4. Let k(v) = 4*v**3 - 2*v**2 + 2*v - 3. Let w be k(h). Suppose w - 1 = 3*p. What are the prime factors of p?
2
Suppose 4*d = -d + 20. Let g = d - -45. What are the prime factors of g?
7
What are the prime factors of (-93)/(-7) - (-6)/(-21)?
13
Let f(q) be the second derivative of -q**5/20 + q**3/3 + 2*q. List the prime factors of f(-2).
2
What are the prime factors of (82/8)/((-6)/(-24))?
41
Let i(u) = -u**3 - 4*u**2 + 4*u - 7. List the prime factors of i(-6).
41
Suppose 2*o = 5*a + 43, -o + 4*a + 24 = a. List the prime factors of o.
3
Let d(q) = 50*q - 24. List the prime factors of d(6).
2, 3, 23
Let m = 165 - 30. List the prime factors of m.
3, 5
Let w = -8 - -19. Let i(j) = 9*j**3 - 5*j - 3. Let z(t) = -3*t**3 + 2*t + 1. Let f(d) = w*z(d) + 4*i(d). List the prime factors of f(1).
2
Suppose -14 = -4*l + 2*l. Suppose l*m - 3*m + 3*w + 35 = 0, 0 = -4*m + 4*w - 56. List the prime factors of (-86)/m - 8/(-44).
2
Suppose 0 = -j - 3*q + 103, 0 = -3*j - 0*j - 4*q + 329. List the prime factors of j.
5, 23
Suppose 0 = -3*a - 4*x + 11, 3*a + 0*x - 3*x = 18. Suppose -19 + 34 = a*j. What are the prime factors of j?
3
Let l be 2/(-3) + 32/(-6). Suppose 5*s = 3*s - 26. Let c = l - s. What are the prime factors of c?
7
Suppose 2*g = 55 + 19. Let n = g + -24. What are the prime factors of n?
13
Suppose 129 = 2*l + 1. List the prime factors of l.
2
Suppose 5*w - 21 + 6 = 0. Suppose -w*v + v = 4. List the prime factors of 8/((-1)/1*v).
2
Let h = 361 + -135. What are the prime factors of h?
2, 113
Let g(j) = j + 0*j + 2 + j**2 + 3*j. Let s be g(-4). Let a(f) = f**3 - f**2 + 1. What are the prime factors